 38 = 0, -3*l = -2*n - 28. Calculate the greatest common divisor of k and l.
10
Let d = -22 + 197. Calculate the highest common factor of 50 and d.
25
Let v be 1/(-2 - (-7)/3). Suppose 2*b = 5*g + 4*b + 105, -4*g - b = 81. Let n = g - -31. Calculate the greatest common divisor of n and v.
3
Let r be 7 - (3 - (-3)/(-3)). Let z be (-27)/(-45) + 247/r. Let i be (-1)/(117/60 - 2). Calculate the highest common factor of i and z.
10
Let h be 2 + (88 - (-7 + 5)). Calculate the highest common factor of h and 138.
46
Suppose 5*o - 4*d - 44 = 0, -d - 36 = -2*o - 4*d. What is the greatest common factor of 96 and o?
12
Let n be (-2304)/(-20) + 2/(-10). What is the highest common divisor of 23 and n?
23
Let h = 14 + -9. Let w(a) = -a**2 + 6*a. Let t be w(h). Suppose -t*v + 3*v + 112 = 0. What is the greatest common divisor of v and 8?
8
Let v = 0 + 10. Suppose 4*o - v = i - 51, -i = -o - 29. Calculate the greatest common factor of i and 10.
5
Let s = 122 + -50. Suppose x + 5*h + 9 = 47, -h = -4. Calculate the highest common divisor of x and s.
18
Let t be ((-2)/3)/(2/(-24)). Suppose -a = -3*a + 12. Let m(q) = 2*q**2 - 7*q + 2. Let d be m(a). Calculate the greatest common divisor of d and t.
8
Let g = 15 + -4. Let s = 6 - 10. Let v be (6/s)/((-4)/264). What is the greatest common divisor of v and g?
11
Let z be 0/(-7)*(-2)/2. Suppose z = -4*x + 2*b + 1 + 17, -3*x - 5*b - 6 = 0. Let j be 1 + -2 - (-26 - -1). What is the greatest common factor of x and j?
3
Suppose 0*s - 2*f - 36 = -s, 0 = 5*s - 2*f - 164. Let p be -2 - -101 - 1*-2. Suppose 5*d - 139 = p. Calculate the highest common divisor of d and s.
16
Suppose 3*o - 252 = -4*o. Calculate the highest common divisor of 48 and o.
12
Let d = 115 + -97. Calculate the highest common divisor of d and 18.
18
Suppose 492 = -4*c + 4*g, 2*c + g + 236 = 5*g. Let b = -88 - c. What is the greatest common factor of 10 and b?
10
Suppose 4*g + 2*o - 21 = 31, 2*o - 24 = -2*g. Suppose -t + c = -c + 6, -5*t - c + g = 0. Suppose -t*h + 4*h = 2. Calculate the highest common factor of h and 1.
1
Let a = 30 + 1. Let v = a + -21. What is the greatest common factor of v and 40?
10
Suppose -3*h + 0 - 3 = 0, 0 = 5*u + 5*h - 120. Let w = u - 18. Suppose a - w = -2. Calculate the highest common factor of 1 and a.
1
Let v(y) = -y**3 - 7*y**2. Let g be v(-8). What is the greatest common divisor of 24 and g?
8
Let v = -47 - -58. Let y(o) = -15*o**3 + 5*o**2 + 3*o - 1. Let u be y(-3). Suppose 0 = -n - 4*n + u. Calculate the greatest common divisor of n and v.
11
Let j = 129 + -105. What is the highest common divisor of j and 72?
24
Suppose -15*i + 40 = -275. What is the greatest common factor of 56 and i?
7
Suppose q + 2*q + 21 = -3*w, 3*q - 2*w + 1 = 0. Let x be 13/(q*2/(-6)). Calculate the greatest common factor of 39 and x.
13
Let c be -19 + 29 - (0 + 0). Let w be 5/(-1 - (-6)/4). What is the greatest common divisor of w and c?
10
Let d(g) = g**3 + 6*g**2 - 7*g + 4. Let u be d(-7). Let n(b) = b + 32. Let a be n(0). Calculate the highest common divisor of u and a.
4
Let m(i) be the third derivative of 13*i**5/60 + i**4/6 - i**3/2 + 2*i**2. Let l be m(-4). Calculate the greatest common divisor of 21 and l.
21
Let r = 200 + -137. What is the highest common divisor of r and 21?
21
Let y be (3/(6/16))/1. Calculate the greatest common factor of 40 and y.
8
Let y be (-7)/(-7) + (1 - -18). Suppose 0 = -6*r + r + y. What is the highest common divisor of r and 4?
4
Let i(x) = -3*x + 13*x - 5 + 2 - x**2 + 0. Suppose -u + 4*d - 36 = -5*u, 4*u = 3*d + 8. Let w be i(u). What is the highest common factor of w and 11?
11
Let d(n) = n**3 - n**2 - 5*n + 5. Let y be d(4). Let u be y/3 + 0 + -1. Calculate the highest common divisor of u and 10.
10
Suppose p = -16 - 28. Let y = -11 - p. Suppose 31 = 5*m - 24. Calculate the highest common divisor of y and m.
11
Let c(y) = 2*y**2 - 3*y. Let r be c(2). Suppose -45 = 3*d + r*p, -2*p + 4*p + 19 = -d. Let g = d - -21. What is the highest common factor of g and 40?
8
Let a(i) = -i - 6. Let b be a(-6). Suppose -4*l + 5*p = -42, 2*l - 4*p + 0*p - 18 = b. What is the greatest common factor of 65 and l?
13
Suppose -18*f = -13*f - 140. Calculate the highest common divisor of f and 7.
7
Let s be (2/(-1))/(1 + -2). Let u = -3 + s. Let w(l) = -8*l**3 - l**2 + l + 1. Let f be w(u). Calculate the greatest common factor of 77 and f.
7
Let g(l) = 4*l**2 - 15*l + 2. Let h be g(6). What is the greatest common divisor of 7 and h?
7
Suppose 0 = 4*f - 5 - 7. Let r be 53/f + (-1)/(-3). What is the highest common factor of r and 90?
18
Let v = 11 + -8. Let w be 3/(-9) - (-103)/v. Calculate the greatest common divisor of 51 and w.
17
Suppose 0 = 5*x - x - 504. Let k(t) = -t - 5. Let y be k(-4). Let o(i) = -15*i - 1. Let s be o(y). Calculate the highest common factor of s and x.
14
Let c be -6*2*1/(-3). Suppose 9 = c*m - 75. Let a = 36 + -29. Calculate the greatest common factor of a and m.
7
Let b(n) = -2*n**2 - 13*n + 10. Let a be b(-7). Let s = -19 - -40. What is the highest common factor of s and a?
3
Let q be 18/12 + (-3)/((-6)/7). What is the greatest common divisor of q and 95?
5
Suppose 0*k = -5*k - 5*d - 10, 5*k = -3*d - 6. Let f be 2*(k - 117/(-2)). Calculate the greatest common divisor of 13 and f.
13
Let u(p) be the third derivative of p**6/120 + 2*p**5/15 - p**4/24 - p**3 + 2*p**2. Let x be u(-8). What is the greatest common factor of 3 and x?
1
Suppose v - 85 = -5*o, -5*o = -4*v - 55 + 270. Calculate the greatest common factor of v and 30.
30
Let i(w) = w**2 + 2*w - 6. Let g be i(-6). Calculate the highest common divisor of 18 and g.
18
Let n(h) = -19*h + 3. Let c(r) = -39*r + 5. Let u(q) = 4*c(q) - 7*n(q). Let o be u(-1). What is the greatest common divisor of o and 55?
11
Let l = 11 + -11. Suppose -x + 15 = -l*x. What is the greatest common divisor of 45 and x?
15
Suppose 0 = 3*q - 6, q - 25 = -g + 7. What is the greatest common divisor of 75 and g?
15
Let l = 5 + 4. Let u(n) = 2*n - n**2 + 11*n + 0*n**2 - 11. Let k be u(l). Calculate the highest common divisor of 5 and k.
5
Let k be (-1*(-33)/15)/((-8)/(-40)). Calculate the greatest common factor of k and 99.
11
Let v be 12/9*(-138)/(-4). Let u be ((-23)/(-2))/(42/(-12) + 4). What is the highest common divisor of u and v?
23
Let d(o) = -o**3 - 4*o**2 + 3. Let t be d(-3). Let z(a) = -a - 1. Let c be z(t). Suppose c*n + 11 = 46. What is the greatest common factor of n and 7?
7
Let m(f) = 3*f**2 + 1. Let k be m(3). What is the greatest common divisor of k and 7?
7
Suppose 2*n - 13 - 13 = -j, -4*j + 130 = -5*n. Suppose -j = -u - 2*i, 0*i = -3*i + 12. Let p = 39 - u. What is the greatest common factor of p and 187?
17
Let v be (294/(-4) - -3)/(2/(-12)). Calculate the highest common factor of 47 and v.
47
Let v = -167 - -285. Let f = v + -54. What is the greatest common factor of f and 32?
32
Suppose -2*i - i - 3 = 0. Suppose -5*k - 12 = 3. Let f be (-1 - -2) + (i - k). What is the greatest common factor of 3 and f?
3
Let g = 9 - 5. Suppose 9*q + 12 = l + g*q, -2*l - 4*q = -52. Calculate the greatest common factor of 55 and l.
11
Let g(s) = -s + 7. Let b be g(-5). Let h be b/3 - (-3 + -10). What is the greatest common factor of h and 34?
17
Let x = 26 - -9. Let y = 84 - x. What is the highest common factor of 7 and y?
7
Let k = 13 - 19. Let h(b) = b**2 + 5*b - 6. Let j be h(k). Suppose 0 = -5*i - j*i + 30. What is the greatest common factor of 3 and i?
3
Let i = 1005 - 585. Suppose 5*l - 266 - 26 = n, n - 3*l = -286. Let d = i + n. Calculate the highest common factor of d and 13.
13
Let t(v) = -2*v + 39. Let i be t(10). Calculate the greatest common factor of 133 and i.
19
Let d be (-3)/(9/30)*-1. Let m(g) = g**3 - 3*g**2 - 5*g + 5. Let j be m(5). What is the greatest common factor of d and j?
10
Suppose -3*h + h = 4, -i + 3 = h. Calculate the highest common factor of 5 and i.
5
Let n be 37 + (-1 + 0)*2. What is the greatest common factor of 5 and n?
5
Let i = 14 + -11. Suppose -i*g + 58 = 2*y + g, 0 = 5*y - 5*g - 70. What is the highest common divisor of y and 38?
19
Let w = 6 - 8. Let l = 9 + w. Suppose 23 = 5*r - 12. Calculate the greatest common divisor of r and l.
7
Suppose 2*o - 272 = -2*o. Calculate the highest common divisor of o and 34.
34
Let a(i) = -17*i + 